21574?
-16317
In base 16, what is 10a8b83 + 4?
10a8b87
In base 8, what is -2733 + 251700?
246745
In base 2, what is 10000111010110011001 + 1001010?
10000111010111100011
In base 11, what is -28a5a9 - -50?
-28a559
In base 9, what is -60 + 2154051?
2153881
In base 15, what is -25b7 - 116b?
-3733
In base 16, what is 93b + 43b4?
4cef
In base 5, what is -4 + -33420241044?
-33420241103
In base 14, what is 1 - 151c5a9d?
-151c5a9c
In base 4, what is -3 - -31010321201?
31010321132
In base 11, what is -6a0 + -322a5?
-32995
In base 10, what is 1835 + 84273?
86108
In base 5, what is 2232300 + -111330?
2120420
In base 7, what is -222015 - 11661?
-234006
In base 10, what is -2 - 63713772?
-63713774
In base 15, what is 7b + add?
b69
In base 10, what is 166718429 + -5?
166718424
In base 13, what is 638a43 - 2?
638a41
In base 14, what is 408d6b + 0?
408d6b
In base 3, what is 12 + 20210002201210?
20210002201222
In base 10, what is 1480811 + 59?
1480870
In base 14, what is 456125 + 27?
45614c
In base 16, what is 0 + -100b59?
-100b59
In base 10, what is 2678 - -6872?
9550
In base 6, what is 3 - 105353045?
-105353042
In base 2, what is -1110110101 - -10010011111010001?
10010010000011100
In base 8, what is -4 - 1000735664?
-1000735670
In base 8, what is 1323 + -71?
1232
In base 16, what is e71d7d - 5?
e71d78
In base 11, what is -7004 + 2037?
-4a78
In base 6, what is 331115343 - 12?
331115331
In base 9, what is 1 + -142636447?
-142636446
In base 11, what is -10377 + 35008?
24741
In base 10, what is 4 - -28379323?
28379327
In base 7, what is 435 - -140306?
141044
In base 4, what is 2233 + 23032200?
23101033
In base 15, what is 396991 - -3?
396994
In base 9, what is -3 + 56674176?
56674173
In base 16, what is 27563 + -4?
2755f
In base 7, what is 313065225 - 51?
313065144
In base 12, what is -64277b + a?
-642771
In base 16, what is 5 + -13f0db8?
-13f0db3
In base 2, what is 1100101001 - 10110110001?
-1010001000
In base 6, what is 121 - -10215344?
10215505
In base 12, what is 662 + 294a09?
29546b
In base 5, what is 330 + -13323244?
-13322414
In base 12, what is a2380a - -31?
a2383b
In base 4, what is 22021300133330 - 11?
22021300133313
In base 2, what is 1010000 + 100101100110000?
100101110000000
In base 5, what is 1142303213 - 0?
1142303213
In base 9, what is 3 - -304143268?
304143272
In base 10, what is -96029 + -6554?
-102583
In base 7, what is 4 + -25116164?
-25116160
In base 15, what is 4 + -180d7d?
-180d79
In base 7, what is 1240166 + -1143?
1236023
In base 10, what is -61 + -4715606?
-4715667
In base 10, what is -37107 + 16598?
-20509
In base 8, what is -76 - -1344140?
1344042
In base 2, what is 1110011 - 1001011111100110011001?
-1001011111100100100110
In base 9, what is -74521615 - 37?
-74521653
In base 9, what is -305213 + 61?
-305142
In base 10, what is 28870 - 130?
28740
In base 15, what is -1554a6 - 1?
-1554a7
In base 15, what is -1 + -b262ec?
-b262ed
In base 12, what is -139b - 43790?
-44b6b
In base 14, what is -b3a91b3 + 0?
-b3a91b3
In base 5, what is 120040103 + -20434?
120014114
In base 7, what is -245456 - 341?
-246130
In base 3, what is 111222222220222221 + 2?
111222222221000000
In base 4, what is 213201 - 11032211?
-10213010
In base 12, what is 6449aba + 4?
6449b02
In base 4, what is 322032223332 - 3?
322032223323
In base 9, what is 46580 - 14?
46565
In base 5, what is -224013122 - 133?
-224013310
In base 2, what is -1011111011000001000 - 1011010?
-1011111011001100010
In base 15, what is -1824a5 - 1?
-1824a6
In base 5, what is -24403 + 1324422?
1300014
In base 15, what is 46d8d3e - -5?
46d8d44
In base 14, what is 6 + -37357?
-37351
In base 11, what is -189320 + -a3?
-189413
In base 2, what is -100 + 1010101011010000110110?
1010101011010000110010
In base 9, what is 37845710 + 5?
37845715
In base 3, what is 11020120112 - 111?
11020120001
In base 3, what is 1220 - -1111100002?
1111101222
In base 2, what is 10 + 1011101111100111010011101111?
1011101111100111010011110001
In base 7, what is 522 - 12552401?
-12551546
In base 14, what is 14bab35 - 9?
14bab2a
In base 11, what is 2 + -176010?
-176009
In base 2, what is -101 + 101111010111101101111011110?
101111010111101101111011001
In base 9, what is -205882464 - 0?
-205882464
In base 3, what is 10 + -110000110121222?
-110000110121212
In base 10, what is 8228752 + 10?
8228762
In base 16, what is -88ace9 - -4?
-88ace5
In base 4, what is 1332022 + 221321?
2220003
In base 2, what is -100010000010110010000010 + -10010?
-100010000010110010010100
In base 3, what is 100221 + -101222021000?
-101221220002
In base 14, what is 8 + 9b2135b?
9b21365
In base 11, what is 3 - 1999298a4?
-1999298a1
In base 4, what is 23 - -1210213230312?
1210213231001
In base 10, what is 202323360 + 4?
202323364
In base 5, what is -2412223144 + 2?
-2412223142
In base 10, what is -8 + -1098982?
-1098990
In base 4, what is 1230303123331 + 31?
1230303130022
In base 4, what is 222111 + -111332?
110113
In base 7, what is 60120 + 10414?
100534
In base 5, what is -302144 + 4312?
-242332
In base 15, what is -400c4a - 0?
-400c4a
In base 5, what is -3114 + -132224?
-140343
In base 6, what is -112 - -15323330?
15323214
In base 4, what is -10133221 + 1000023?
-3133132
In base 3, what is -20010010 - 12211012?
-102221022
In base 8, what is 0 - 72213700?
-72213700
In base 16, what is 3b753 - 762?
3aff1
In base 14, what is 5b1d4 + d9?
5b2cd
In base 2, what is 100010100101 + 111111011000?
1100001111101
In base 11, what is 476224 + -33?
4761a1
In base 12, what is 4996 + -339a?
15b8
In base 10, what is -23839 + 659?
-23180
In base 12, what is -4285 + -466?
-472b
In base 9, what is -11524 - -315220?
303585
In base 12, what is 996 - -2b46?
3920
In base 11, what is 14082 + 278?
1434a
In base 10, what is 7 + -316187764?
-316187757
In base 10, what is -207 - 4094?
-4301
In base 12, what is -10 - -3535b7?
3535a7
In base 3, what is -201121220221 - 121110?
-201122112101
In base 2, what is -11 + 110111011111101001110?
110111011111101001011
In base 15, what is -1443ada + -1?
-1443adb
In base 4, what is -20130331033 - 3013?
-20131000112
In base 16, what is -1b0d + -20a4f?
-2255c
In base 13, what is 2 - 1571b20a?
-1571b208
In base 10, what is -91 + -1541590?
-1541681
In base 6, what is 33 + -1241?
-1204
In base 12, what is 2 - 18870a?
-188708
In base 12, what is -5652568 + 83?
-56524a5
In base 14, what is 2197c + -26?
21956
In base 3, what is -10201120001212 + -220?
-10201120002202
In base 6, what is -1 + -1034022?
-1034023
In base 12, what is 14a69 - -a1?
14b4a
In base 7, what is -202226 + -434?
-202663
In base 10, what is 332196 + -973?
331223
In base 2, what is -10011110111011000 + -11001110011?
-10100010001001011
In base 13, what is -31a + 1454c?
14232
In base 6, what is 30041010 + 10?
30041020
In base 15, what is 5e6 - -2417?
2a0d
In base 14, what is -340d - -13c?
-32b1
In base 12, what is 68b0a - -a8?
68bb6
In base 12, what is 108600 + a?
10860a
In base 6, what is 1122003113 + -3?
1122003110
In base 14, what is 15b32 - -564?
16296
In base 11, what is 949 + -5214?
-4376
In base 5, what is 110 + 20342142?
20342302
In base 9, what is 6 + 17252560?
17252566
In base 4, what is -12 - -1132032130030?
1132032130012
In base 2, what is -1011001 + -11111000001?
-100000011010
In base 13, what is 0 + -2b8b55?
-2b8b55
In base 16, what is -130380 - 0?
-130380
In base 14, what is -24cc15 + -21?
-24cc36
In base 13, what is 5 - -2c4a197?
2c4a19c
In base 13, what is -166526 + -a?
-166533
In base 3, what is 1222 - -11122101?
11201100
In base 13, what is -33 - 51b914?
-51b947
In base 8, what is -651534 + 0?
-651534
In base 10, what is -11337932 + 7?
-11337925
In base 9, what is -24171432 + 22?
-24171410
In base 10, what is -512 - 24872?
-25384
In base 7, what is -11365615 + -2?
-11365620
In base 15, what is -4e - -5d786?
5d737
In base 4, what is 0 - 101123023202?
-101123023202
In base 3, what is -10010210112 - -2000202?
-10001202210
In base 9, what is -3 + 58142330?
58142326
In base 9, what is 53585077 + -1?
53585076
In base 9, what is -5706 + -446700?
-453506
In base 16, what is 3e70 + -2576?
18fa
In base 11, what is 2a751 + 305?
2aa56
In base 8, what is -53 + 213521?
213446
In base 2, what is -101000 - 100000110101001111001010?
-100000110101001111110010
In base 13, what is 22833b - 5?